114.119.148.161 - - [03/Nov/2022:17:04:51 -0700] "GET /sitebuilder/images/?C=S%3BO%3DA HTTP/1.1" 200 788 "http://www.muscatlawfirm.com/sitebuilder/images?C=D%3BO%3DA" "Mozilla/5.0 (Linux; Android 7.0;) AppleWebKit/537.36 (KHTML, like Gecko) Mobile Safari/537.36 (compatible; PetalBot;+https://webmaster.petalsearch.com/site/petalbot)" "www.muscatlawfirm.com"
114.119.153.16 - - [03/Nov/2022:17:12:31 -0700] "GET /?C=S%3BO%3DA HTTP/1.1" 200 409 "http://www.muscatlawfirm.com" "Mozilla/5.0 (Linux; Android 7.0;) AppleWebKit/537.36 (KHTML, like Gecko) Mobile Safari/537.36 (compatible; PetalBot;+https://webmaster.petalsearch.com/site/petalbot)" "www.muscatlawfirm.com"
114.119.153.16 - - [03/Nov/2022:17:22:59 -0700] "GET /clipart HTTP/1.1" 301 1410 "http://www.muscatlawfirm.com/clipart/images?C=N%3BO%3DD" "Mozilla/5.0 (Linux; Android 7.0;) AppleWebKit/537.36 (KHTML, like Gecko) Mobile Safari/537.36 (compatible; PetalBot;+https://webmaster.petalsearch.com/site/petalbot)" "www.muscatlawfirm.com"
114.119.153.16 - - [03/Nov/2022:17:23:00 -0700] "GET /clipart/ HTTP/1.1" 200 417 "http://www.muscatlawfirm.com/clipart/images?C=N%3BO%3DD" "Mozilla/5.0 (Linux; Android 7.0;) AppleWebKit/537.36 (KHTML, like Gecko) Mobile Safari/537.36 (compatible; PetalBot;+https://webmaster.petalsearch.com/site/petalbot)" "www.muscatlawfirm.com"
114.119.153.16 - - [03/Nov/2022:17:29:58 -0700] "GET /sitebuilder HTTP/1.1" 301 1411 "http://muscatlawfirm.com?C=D%3BO%3DA" "Mozilla/5.0 (Linux; Android 7.0;) AppleWebKit/537.36 (KHTML, like Gecko) Mobile Safari/537.36 (compatible; PetalBot;+https://webmaster.petalsearch.com/site/petalbot)" "muscatlawfirm.com"
114.119.153.16 - - [03/Nov/2022:17:29:59 -0700] "GET /sitebuilder/ HTTP/1.1" 200 405 "http://muscatlawfirm.com?C=D%3BO%3DA" "Mozilla/5.0 (Linux; Android 7.0;) AppleWebKit/537.36 (KHTML, like Gecko) Mobile Safari/537.36 (compatible; PetalBot;+https://webmaster.petalsearch.com/site/petalbot)" "muscatlawfirm.com"
111.207.155.211 - - [03/Nov/2022:17:39:13 -0700] "GET /favicon.ico HTTP/1.1" 404 88 "-" "Mozilla/5.0 (Windows NT 10.0; Win64; x64) AppleWebKit/537.36 (KHTML, like Gecko) Chrome/93.0.4577.63 Safari/537.36" "muscatlawfirm.com"
114.119.153.16 - - [03/Nov/2022:18:14:53 -0700] "GET /clipart/images/?C=D%3BO%3DA HTTP/1.1" 200 414 "http://www.muscatlawfirm.com/clipart/images?C=S%3BO%3DA" "Mozilla/5.0 (Linux; Android 7.0;) AppleWebKit/537.36 (KHTML, like Gecko) Mobile Safari/537.36 (compatible; PetalBot;+https://webmaster.petalsearch.com/site/petalbot)" "www.muscatlawfirm.com"
51.222.253.8 - - [03/Nov/2022:18:37:25 -0700] "GET /robots.txt HTTP/1.1" 404 88 "-" "Mozilla/5.0 (compatible; AhrefsBot/7.0; +http://ahrefs.com/robot/)" "muscatlawfirm.com"
51.222.253.10 - - [03/Nov/2022:18:37:26 -0700] "GET /clipart/backgrounds/?C=M;O=D HTTP/1.1" 200 360 "-" "Mozilla/5.0 (compatible; AhrefsBot/7.0; +http://ahrefs.com/robot/)" "muscatlawfirm.com"
114.119.153.137 - - [03/Nov/2022:19:08:51 -0700] "GET /yahoo_site_admin HTTP/1.1" 301 1417 "http://www.muscatlawfirm.com/" "Mozilla/5.0 (Linux; Android 7.0;) AppleWebKit/537.36 (KHTML, like Gecko) Mobile Safari/537.36 (compatible; PetalBot;+https://webmaster.petalsearch.com/site/petalbot)" "www.muscatlawfirm.com"
114.119.153.137 - - [03/Nov/2022:19:08:52 -0700] "GET /yahoo_site_admin/ HTTP/1.1" 200 377 "http://www.muscatlawfirm.com/" "Mozilla/5.0 (Linux; Android 7.0;) AppleWebKit/537.36 (KHTML, like Gecko) Mobile Safari/537.36 (compatible; PetalBot;+https://webmaster.petalsearch.com/site/petalbot)" "www.muscatlawfirm.com"
114.119.148.161 - - [03/Nov/2022:19:14:53 -0700] "GET /navigation_bars/?C=M%3BO%3DA HTTP/1.1" 200 368 "http://www.muscatlawfirm.com/navigation_bars/?C=N%3BO%3DD" "Mozilla/5.0 (Linux; Android 7.0;) AppleWebKit/537.36 (KHTML, like Gecko) Mobile Safari/537.36 (compatible; PetalBot;+https://webmaster.petalsearch.com/site/petalbot)" "www.muscatlawfirm.com"
114.119.153.137 - - [03/Nov/2022:20:55:10 -0700] "GET /clipart/backgrounds/tile?C=D%3BO%3DA HTTP/1.1" 301 1432 "http://www.muscatlawfirm.com/clipart/backgrounds/tile?C=S%3BO%3DA" "Mozilla/5.0 (Linux; Android 7.0;) AppleWebKit/537.36 (KHTML, like Gecko) Mobile Safari/537.36 (compatible; PetalBot;+https://webmaster.petalsearch.com/site/petalbot)" "www.muscatlawfirm.com"
114.119.153.137 - - [03/Nov/2022:20:55:16 -0700] "GET /clipart/backgrounds/tile/?C=D%3BO%3DA HTTP/1.1" 200 392 "http://www.muscatlawfirm.com/clipart/backgrounds/tile?C=S%3BO%3DA" "Mozilla/5.0 (Linux; Android 7.0;) AppleWebKit/537.36 (KHTML, like Gecko) Mobile Safari/537.36 (compatible; PetalBot;+https://webmaster.petalsearch.com/site/petalbot)" "www.muscatlawfirm.com"
93.158.90.152 - - [03/Nov/2022:21:05:49 -0700] "GET /robots.txt HTTP/1.1" 404 88 "-" "Mozilla/5.0 (iPad; CPU OS 6_0 like Mac OS X) AppleWebKit/536.26 (KHTML, like Gecko) Version/6.0 Mobile/10A5355d Safari/8536.25" "muscatlawfirm.com"
93.158.90.152 - - [03/Nov/2022:21:05:49 -0700] "GET /humans.txt HTTP/1.1" 404 88 "-" "Mozilla/5.0 (iPad; CPU OS 6_0 like Mac OS X) AppleWebKit/536.26 (KHTML, like Gecko) Version/6.0 Mobile/10A5355d Safari/8536.25" "muscatlawfirm.com"
93.158.90.141 - - [03/Nov/2022:21:05:50 -0700] "GET /ads.txt HTTP/1.1" 404 88 "-" "Mozilla/5.0 (iPad; CPU OS 6_0 like Mac OS X) AppleWebKit/536.26 (KHTML, like Gecko) Version/6.0 Mobile/10A5355d Safari/8536.25" "muscatlawfirm.com"
93.158.90.168 - - [03/Nov/2022:21:05:50 -0700] "GET / HTTP/1.1" 200 409 "-" "Mozilla/5.0 (iPad; CPU OS 6_0 like Mac OS X) AppleWebKit/536.26 (KHTML, like Gecko) Version/6.0 Mobile/10A5355d Safari/8536.25" "muscatlawfirm.com"
114.119.148.161 - - [03/Nov/2022:21:45:45 -0700] "GET /sitebuilder/images HTTP/1.1" 301 1416 "http://muscatlawfirm.com/sitebuilder?C=D%3BO%3DA" "Mozilla/5.0 (Linux; Android 7.0;) AppleWebKit/537.36 (KHTML, like Gecko) Mobile Safari/537.36 (compatible; PetalBot;+https://webmaster.petalsearch.com/site/petalbot)" "muscatlawfirm.com"
114.119.148.161 - - [03/Nov/2022:21:45:52 -0700] "GET /sitebuilder/images/ HTTP/1.1" 200 788 "http://muscatlawfirm.com/sitebuilder?C=D%3BO%3DA" "Mozilla/5.0 (Linux; Android 7.0;) AppleWebKit/537.36 (KHTML, like Gecko) Mobile Safari/537.36 (compatible; PetalBot;+https://webmaster.petalsearch.com/site/petalbot)" "muscatlawfirm.com"
114.119.148.161 - - [03/Nov/2022:21:52:23 -0700] "GET /yahoo_site_admin?C=N%3BO%3DD HTTP/1.1" 301 1431 "http://www.muscatlawfirm.com/yahoo_site_admin?C=M%3BO%3DA" "Mozilla/5.0 (Linux; Android 7.0;) AppleWebKit/537.36 (KHTML, like Gecko) Mobile Safari/537.36 (compatible; PetalBot;+https://webmaster.petalsearch.com/site/petalbot)" "www.muscatlawfirm.com"
114.119.148.161 - - [03/Nov/2022:21:52:25 -0700] "GET /yahoo_site_admin/?C=N%3BO%3DD HTTP/1.1" 200 377 "http://www.muscatlawfirm.com/yahoo_site_admin?C=M%3BO%3DA" "Mozilla/5.0 (Linux; Android 7.0;) AppleWebKit/537.36 (KHTML, like Gecko) Mobile Safari/537.36 (compatible; PetalBot;+https://webmaster.petalsearch.com/site/petalbot)" "www.muscatlawfirm.com"
114.119.153.16 - - [03/Nov/2022:22:06:33 -0700] "GET /clipart/images?C=S%3BO%3DA HTTP/1.1" 301 1428 "http://www.muscatlawfirm.com/clipart/images" "Mozilla/5.0 (Linux; Android 7.0;) AppleWebKit/537.36 (KHTML, like Gecko) Mobile Safari/537.36 (compatible; PetalBot;+https://webmaster.petalsearch.com/site/petalbot)" "www.muscatlawfirm.com"
114.119.153.16 - - [03/Nov/2022:22:06:34 -0700] "GET /clipart/images/?C=S%3BO%3DA HTTP/1.1" 200 414 "http://www.muscatlawfirm.com/clipart/images" "Mozilla/5.0 (Linux; Android 7.0;) AppleWebKit/537.36 (KHTML, like Gecko) Mobile Safari/537.36 (compatible; PetalBot;+https://webmaster.petalsearch.com/site/petalbot)" "www.muscatlawfirm.com"
20.204.34.143 - - [03/Nov/2022:22:10:54 -0700] "GET / HTTP/1.1" 200 1163 "-" "Mozilla/5.0 (Windows NT 10.0; Win64; x64) AppleWebKit/537.36 (KHTML, like Gecko) Chrome/88.0.4240.193 Safari/537.36" "muscatlawfirm.com"
20.204.34.143 - - [03/Nov/2022:22:10:55 -0700] "GET / HTTP/1.1" 200 1163 "-" "Mozilla/5.0 (Windows NT 10.0; Win64; x64) AppleWebKit/537.36 (KHTML, like Gecko) Chrome/88.0.4240.193 Safari/537.36" "muscatlawfirm.com"
20.204.34.143 - - [03/Nov/2022:22:10:55 -0700] "GET /wp-includes/wlwmanifest.xml HTTP/1.1" 404 73 "-" "Mozilla/5.0 (Windows NT 10.0; Win64; x64) AppleWebKit/537.36 (KHTML, like Gecko) Chrome/88.0.4240.193 Safari/537.36" "muscatlawfirm.com"
20.204.34.143 - - [03/Nov/2022:22:10:59 -0700] "GET /website/wp-includes/wlwmanifest.xml HTTP/1.1" 404 73 "-" "Mozilla/5.0 (Windows NT 10.0; Win64; x64) AppleWebKit/537.36 (KHTML, like Gecko) Chrome/88.0.4240.193 Safari/537.36" "muscatlawfirm.com"
20.204.34.143 - - [03/Nov/2022:22:11:06 -0700] "GET /wp1/wp-includes/wlwmanifest.xml HTTP/1.1" 404 73 "-" "Mozilla/5.0 (Windows NT 10.0; Win64; x64) AppleWebKit/537.36 (KHTML, like Gecko) Chrome/88.0.4240.193 Safari/537.36" "muscatlawfirm.com"
20.204.34.143 - - [03/Nov/2022:22:11:09 -0700] "GET /cms/wp-includes/wlwmanifest.xml HTTP/1.1" 404 73 "-" "Mozilla/5.0 (Windows NT 10.0; Win64; x64) AppleWebKit/537.36 (KHTML, like Gecko) Chrome/88.0.4240.193 Safari/537.36" "muscatlawfirm.com"
114.119.148.161 - - [03/Nov/2022:22:15:27 -0700] "GET /sitebuilder/ HTTP/1.1" 200 405 "http://muscatlawfirm.com?C=M%3BO%3DA" "Mozilla/5.0 (Linux; Android 7.0;) AppleWebKit/537.36 (KHTML, like Gecko) Mobile Safari/537.36 (compatible; PetalBot;+https://webmaster.petalsearch.com/site/petalbot)" "muscatlawfirm.com"
114.119.148.161 - - [03/Nov/2022:22:23:13 -0700] "GET /clipart/?C=M%3BO%3DA HTTP/1.1" 200 417 "http://muscatlawfirm.com/clipart" "Mozilla/5.0 (Linux; Android 7.0;) AppleWebKit/537.36 (KHTML, like Gecko) Mobile Safari/537.36 (compatible; PetalBot;+https://webmaster.petalsearch.com/site/petalbot)" "muscatlawfirm.com"
51.222.253.7 - - [03/Nov/2022:23:13:40 -0700] "GET /clipart/buttons/themes/?C=M;O=D HTTP/1.1" 200 372 "-" "Mozilla/5.0 (compatible; AhrefsBot/7.0; +http://ahrefs.com/robot/)" "muscatlawfirm.com"
46.101.150.34 - - [03/Nov/2022:23:35:38 -0700] "HEAD / HTTP/1.1" 200 - "https://www.bing.com" "Mozilla/5.0 (X11; Linux x86_64) AppleWebKit/537.36 (KHTML, like Gecko) Chrome/41.0.2227.0 Safari/537.36" "muscatlawfirm.com"
46.101.150.34 - - [03/Nov/2022:23:35:38 -0700] "GET /wp-login.php HTTP/1.1" 404 88 "http://muscatlawfirm.com" "Mozilla/5.0 (X11; Linux x86_64) AppleWebKit/537.36 (KHTML, like Gecko) Chrome/41.0.2227.0 Safari/537.36" "muscatlawfirm.com"
46.101.150.34 - - [03/Nov/2022:23:35:39 -0700] "GET /wordpress/wp-login.php HTTP/1.1" 404 88 "http://muscatlawfirm.com" "Mozilla/5.0 (X11; Linux x86_64) AppleWebKit/537.36 (KHTML, like Gecko) Chrome/41.0.2227.0 Safari/537.36" "muscatlawfirm.com"
46.101.150.34 - - [03/Nov/2022:23:35:39 -0700] "GET /blog/wp-login.php HTTP/1.1" 404 88 "http://muscatlawfirm.com" "Mozilla/5.0 (X11; Linux x86_64) AppleWebKit/537.36 (KHTML, like Gecko) Chrome/41.0.2227.0 Safari/537.36" "muscatlawfirm.com"
46.101.150.34 - - [03/Nov/2022:23:35:40 -0700] "GET /wp/wp-login.php HTTP/1.1" 404 88 "http://muscatlawfirm.com" "Mozilla/5.0 (X11; Linux x86_64) AppleWebKit/537.36 (KHTML, like Gecko) Chrome/41.0.2227.0 Safari/537.36" "muscatlawfirm.com"
114.119.154.6 - - [04/Nov/2022:00:17:37 -0700] "GET /robots.txt HTTP/1.1" 404 88 "-" "Mozilla/5.0 (compatible;PetalBot;+https://webmaster.petalsearch.com/site/petalbot)" "muscatlawfirm.com"
114.119.153.137 - - [04/Nov/2022:01:23:47 -0700] "GET /clipart/lines HTTP/1.1" 301 1414 "http://www.muscatlawfirm.com/clipart/lines/horizontal?C=S%3BO%3DA" "Mozilla/5.0 (Linux; Android 7.0;) AppleWebKit/537.36 (KHTML, like Gecko) Mobile Safari/537.36 (compatible; PetalBot;+https://webmaster.petalsearch.com/site/petalbot)" "www.muscatlawfirm.com"
114.119.153.137 - - [04/Nov/2022:01:23:47 -0700] "GET /clipart/lines/ HTTP/1.1" 200 360 "http://www.muscatlawfirm.com/clipart/lines/horizontal?C=S%3BO%3DA" "Mozilla/5.0 (Linux; Android 7.0;) AppleWebKit/537.36 (KHTML, like Gecko) Mobile Safari/537.36 (compatible; PetalBot;+https://webmaster.petalsearch.com/site/petalbot)" "www.muscatlawfirm.com"
114.119.148.161 - - [04/Nov/2022:01:28:44 -0700] "GET /yahoo_site_admin?C=N%3BO%3DD HTTP/1.1" 301 1429 "http://muscatlawfirm.com/yahoo_site_admin" "Mozilla/5.0 (Linux; Android 7.0;) AppleWebKit/537.36 (KHTML, like Gecko) Mobile Safari/537.36 (compatible; PetalBot;+https://webmaster.petalsearch.com/site/petalbot)" "muscatlawfirm.com"
114.119.148.161 - - [04/Nov/2022:01:28:45 -0700] "GET /yahoo_site_admin/?C=N%3BO%3DD HTTP/1.1" 200 377 "http://muscatlawfirm.com/yahoo_site_admin" "Mozilla/5.0 (Linux; Android 7.0;) AppleWebKit/537.36 (KHTML, like Gecko) Mobile Safari/537.36 (compatible; PetalBot;+https://webmaster.petalsearch.com/site/petalbot)" "muscatlawfirm.com"
114.119.148.161 - - [04/Nov/2022:01:33:43 -0700] "GET /clipart/lines/?C=N%3BO%3DD HTTP/1.1" 200 360 "http://muscatlawfirm.com/clipart/lines?C=D%3BO%3DA" "Mozilla/5.0 (Linux; Android 7.0;) AppleWebKit/537.36 (KHTML, like Gecko) Mobile Safari/537.36 (compatible; PetalBot;+https://webmaster.petalsearch.com/site/petalbot)" "muscatlawfirm.com"
114.119.148.161 - - [04/Nov/2022:01:42:03 -0700] "GET /clipart/buttons/themes/outlined_gray_white/?C=D%3BO%3DA HTTP/1.1" 200 430 "http://muscatlawfirm.com/clipart/buttons/themes/outlined_gray_white/?C=M%3BO%3DA" "Mozilla/5.0 (Linux; Android 7.0;) AppleWebKit/537.36 (KHTML, like Gecko) Mobile Safari/537.36 (compatible; PetalBot;+https://webmaster.petalsearch.com/site/petalbot)" "muscatlawfirm.com"
114.119.153.137 - - [04/Nov/2022:01:47:02 -0700] "GET /sitebuilder/images/ HTTP/1.1" 200 788 "http://www.muscatlawfirm.com/sitebuilder?C=S%3BO%3DA" "Mozilla/5.0 (Linux; Android 7.0;) AppleWebKit/537.36 (KHTML, like Gecko) Mobile Safari/537.36 (compatible; PetalBot;+https://webmaster.petalsearch.com/site/petalbot)" "www.muscatlawfirm.com"
114.119.153.16 - - [04/Nov/2022:01:52:05 -0700] "GET /clipart/pageHeaders/?C=D%3BO%3DA HTTP/1.1" 200 422 "http://www.muscatlawfirm.com/clipart/pageHeaders/" "Mozilla/5.0 (Linux; Android 7.0;) AppleWebKit/537.36 (KHTML, like Gecko) Mobile Safari/537.36 (compatible; PetalBot;+https://webmaster.petalsearch.com/site/petalbot)" "www.muscatlawfirm.com"
114.119.148.161 - - [04/Nov/2022:01:57:01 -0700] "GET /clipart/buttons/themes/outlined_gray_white/?C=N%3BO%3DD HTTP/1.1" 200 430 "http://muscatlawfirm.com/clipart/buttons/themes/outlined_gray_white/?C=M%3BO%3DA" "Mozilla/5.0 (Linux; Android 7.0;) AppleWebKit/537.36 (KHTML, like Gecko) Mobile Safari/537.36 (compatible; PetalBot;+https://webmaster.petalsearch.com/site/petalbot)" "muscatlawfirm.com"
114.119.148.161 - - [04/Nov/2022:02:02:17 -0700] "GET /?C=S%3BO%3DA HTTP/1.1" 200 409 "http://muscatlawfirm.com?C=M%3BO%3DA" "Mozilla/5.0 (Linux; Android 7.0;) AppleWebKit/537.36 (KHTML, like Gecko) Mobile Safari/537.36 (compatible; PetalBot;+https://webmaster.petalsearch.com/site/petalbot)" "muscatlawfirm.com"
114.119.153.16 - - [04/Nov/2022:02:07:12 -0700] "GET /yahoo_site_admin/credentials?C=M%3BO%3DA HTTP/1.1" 301 1436 "http://muscatlawfirm.com/yahoo_site_admin/credentials?C=D%3BO%3DA" "Mozilla/5.0 (Linux; Android 7.0;) AppleWebKit/537.36 (KHTML, like Gecko) Mobile Safari/537.36 (compatible; PetalBot;+https://webmaster.petalsearch.com/site/petalbot)" "muscatlawfirm.com"
114.119.153.16 - - [04/Nov/2022:02:07:16 -0700] "GET /yahoo_site_admin/credentials/?C=M%3BO%3DA HTTP/1.1" 200 330 "http://muscatlawfirm.com/yahoo_site_admin/credentials?C=D%3BO%3DA" "Mozilla/5.0 (Linux; Android 7.0;) AppleWebKit/537.36 (KHTML, like Gecko) Mobile Safari/537.36 (compatible; PetalBot;+https://webmaster.petalsearch.com/site/petalbot)" "muscatlawfirm.com"
114.119.153.137 - - [04/Nov/2022:02:12:06 -0700] "GET /clipart/buttons/themes/?C=S%3BO%3DA HTTP/1.1" 200 373 "http://muscatlawfirm.com/clipart/buttons/themes/" "Mozilla/5.0 (Linux; Android 7.0;) AppleWebKit/537.36 (KHTML, like Gecko) Mobile Safari/537.36 (compatible; PetalBot;+https://webmaster.petalsearch.com/site/petalbot)" "muscatlawfirm.com"
114.119.153.16 - - [04/Nov/2022:02:22:05 -0700] "GET /images/?C=S%3BO%3DA HTTP/1.1" 200 561 "http://muscatlawfirm.com/images" "Mozilla/5.0 (Linux; Android 7.0;) AppleWebKit/537.36 (KHTML, like Gecko) Mobile Safari/537.36 (compatible; PetalBot;+https://webmaster.petalsearch.com/site/petalbot)" "muscatlawfirm.com"
114.119.153.16 - - [04/Nov/2022:02:27:03 -0700] "GET /navigation_bars?C=D%3BO%3DA HTTP/1.1" 301 1428 "http://muscatlawfirm.com/navigation_bars?C=S%3BO%3DA" "Mozilla/5.0 (Linux; Android 7.0;) AppleWebKit/537.36 (KHTML, like Gecko) Mobile Safari/537.36 (compatible; PetalBot;+https://webmaster.petalsearch.com/site/petalbot)" "muscatlawfirm.com"
114.119.153.16 - - [04/Nov/2022:02:27:04 -0700] "GET /navigation_bars/?C=D%3BO%3DA HTTP/1.1" 200 368 "http://muscatlawfirm.com/navigation_bars?C=S%3BO%3DA" "Mozilla/5.0 (Linux; Android 7.0;) AppleWebKit/537.36 (KHTML, like Gecko) Mobile Safari/537.36 (compatible; PetalBot;+https://webmaster.petalsearch.com/site/petalbot)" "muscatlawfirm.com"
114.119.153.16 - - [04/Nov/2022:02:32:08 -0700] "GET /sitebuilder/images HTTP/1.1" 301 1416 "http://muscatlawfirm.com/sitebuilder?C=D%3BO%3DA" "Mozilla/5.0 (Linux; Android 7.0;) AppleWebKit/537.36 (KHTML, like Gecko) Mobile Safari/537.36 (compatible; PetalBot;+https://webmaster.petalsearch.com/site/petalbot)" "muscatlawfirm.com"
114.119.153.16 - - [04/Nov/2022:02:32:08 -0700] "GET /sitebuilder/images/ HTTP/1.1" 200 788 "http://muscatlawfirm.com/sitebuilder?C=D%3BO%3DA" "Mozilla/5.0 (Linux; Android 7.0;) AppleWebKit/537.36 (KHTML, like Gecko) Mobile Safari/537.36 (compatible; PetalBot;+https://webmaster.petalsearch.com/site/petalbot)" "muscatlawfirm.com"
114.119.153.137 - - [04/Nov/2022:02:37:11 -0700] "GET /clipart/images?C=S%3BO%3DA HTTP/1.1" 301 1428 "http://www.muscatlawfirm.com/clipart/images" "Mozilla/5.0 (Linux; Android 7.0;) AppleWebKit/537.36 (KHTML, like Gecko) Mobile Safari/537.36 (compatible; PetalBot;+https://webmaster.petalsearch.com/site/petalbot)" "www.muscatlawfirm.com"
114.119.153.137 - - [04/Nov/2022:02:37:12 -0700] "GET /clipart/images/?C=S%3BO%3DA HTTP/1.1" 200 414 "http://www.muscatlawfirm.com/clipart/images" "Mozilla/5.0 (Linux; Android 7.0;) AppleWebKit/537.36 (KHTML, like Gecko) Mobile Safari/537.36 (compatible; PetalBot;+https://webmaster.petalsearch.com/site/petalbot)" "www.muscatlawfirm.com"
114.119.153.16 - - [04/Nov/2022:02:42:03 -0700] "GET /sitebuilder?C=M%3BO%3DA HTTP/1.1" 301 1425 "http://muscatlawfirm.com/sitebuilder?C=N%3BO%3DD" "Mozilla/5.0 (Linux; Android 7.0;) AppleWebKit/537.36 (KHTML, like Gecko) Mobile Safari/537.36 (compatible; PetalBot;+https://webmaster.petalsearch.com/site/petalbot)" "muscatlawfirm.com"
114.119.153.16 - - [04/Nov/2022:02:42:03 -0700] "GET /sitebuilder/?C=M%3BO%3DA HTTP/1.1" 200 405 "http://muscatlawfirm.com/sitebuilder?C=N%3BO%3DD" "Mozilla/5.0 (Linux; Android 7.0;) AppleWebKit/537.36 (KHTML, like Gecko) Mobile Safari/537.36 (compatible; PetalBot;+https://webmaster.petalsearch.com/site/petalbot)" "muscatlawfirm.com"
114.119.153.16 - - [04/Nov/2022:02:47:15 -0700] "GET /sitebuilder/images?C=S%3BO%3DA HTTP/1.1" 301 1431 "http://www.muscatlawfirm.com/sitebuilder/images" "Mozilla/5.0 (Linux; Android 7.0;) AppleWebKit/537.36 (KHTML, like Gecko) Mobile Safari/537.36 (compatible; PetalBot;+https://webmaster.petalsearch.com/site/petalbot)" "www.muscatlawfirm.com"
114.119.153.16 - - [04/Nov/2022:02:47:16 -0700] "GET /sitebuilder/images/?C=S%3BO%3DA HTTP/1.1" 200 788 "http://www.muscatlawfirm.com/sitebuilder/images" "Mozilla/5.0 (Linux; Android 7.0;) AppleWebKit/537.36 (KHTML, like Gecko) Mobile Safari/537.36 (compatible; PetalBot;+https://webmaster.petalsearch.com/site/petalbot)" "www.muscatlawfirm.com"
114.119.153.137 - - [04/Nov/2022:02:52:11 -0700] "GET /clipart/pageHeaders?C=D%3BO%3DA HTTP/1.1" 301 1431 "http://www.muscatlawfirm.com/clipart/pageHeaders?C=N%3BO%3DD" "Mozilla/5.0 (Linux; Android 7.0;) AppleWebKit/537.36 (KHTML, like Gecko) Mobile Safari/537.36 (compatible; PetalBot;+https://webmaster.petalsearch.com/site/petalbot)" "www.muscatlawfirm.com"
114.119.153.137 - - [04/Nov/2022:02:52:14 -0700] "GET /clipart/pageHeaders/?C=D%3BO%3DA HTTP/1.1" 200 422 "http://www.muscatlawfirm.com/clipart/pageHeaders?C=N%3BO%3DD" "Mozilla/5.0 (Linux; Android 7.0;) AppleWebKit/537.36 (KHTML, like Gecko) Mobile Safari/537.36 (compatible; PetalBot;+https://webmaster.petalsearch.com/site/petalbot)" "www.muscatlawfirm.com"
114.119.153.16 - - [04/Nov/2022:02:57:13 -0700] "GET /yahoo_site_admin?C=N%3BO%3DD HTTP/1.1" 301 1431 "http://www.muscatlawfirm.com/yahoo_site_admin?C=M%3BO%3DA" "Mozilla/5.0 (Linux; Android 7.0;) AppleWebKit/537.36 (KHTML, like Gecko) Mobile Safari/537.36 (compatible; PetalBot;+https://webmaster.petalsearch.com/site/petalbot)" "www.muscatlawfirm.com"
114.119.153.16 - - [04/Nov/2022:02:57:13 -0700] "GET /yahoo_site_admin/?C=N%3BO%3DD HTTP/1.1" 200 377 "http://www.muscatlawfirm.com/yahoo_site_admin?C=M%3BO%3DA" "Mozilla/5.0 (Linux; Android 7.0;) AppleWebKit/537.36 (KHTML, like Gecko) Mobile Safari/537.36 (compatible; PetalBot;+https://webmaster.petalsearch.com/site/petalbot)" "www.muscatlawfirm.com"
114.107.225.150 - - [04/Nov/2022:03:00:52 -0700] "GET / HTTP/1.1" 200 409 "-" "Mozilla/5.0 (iPhone; CPU iPhone OS 13_2_3 like Mac OS X) AppleWebKit/605.1.15 (KHTML, like Gecko) Version/13.0.3 Mobile/15E148 Safari/604.1" "www.muscatlawfirm.com"
114.119.153.16 - - [04/Nov/2022:03:02:07 -0700] "GET /yahoo_site_admin/credentials?C=S%3BO%3DA HTTP/1.1" 301 1436 "http://muscatlawfirm.com/yahoo_site_admin/credentials?C=D%3BO%3DA" "Mozilla/5.0 (Linux; Android 7.0;) AppleWebKit/537.36 (KHTML, like Gecko) Mobile Safari/537.36 (compatible; PetalBot;+https://webmaster.petalsearch.com/site/petalbot)" "muscatlawfirm.com"
114.119.153.16 - - [04/Nov/2022:03:02:08 -0700] "GET /yahoo_site_admin/credentials/?C=S%3BO%3DA HTTP/1.1" 200 330 "http://muscatlawfirm.com/yahoo_site_admin/credentials?C=D%3BO%3DA" "Mozilla/5.0 (Linux; Android 7.0;) AppleWebKit/537.36 (KHTML, like Gecko) Mobile Safari/537.36 (compatible; PetalBot;+https://webmaster.petalsearch.com/site/petalbot)" "muscatlawfirm.com"
114.119.153.137 - - [04/Nov/2022:03:07:04 -0700] "GET /clipart/buttons/blank/?C=N%3BO%3DD HTTP/1.1" 200 395 "http://muscatlawfirm.com/clipart/buttons/blank" "Mozilla/5.0 (Linux; Android 7.0;) AppleWebKit/537.36 (KHTML, like Gecko) Mobile Safari/537.36 (compatible; PetalBot;+https://webmaster.petalsearch.com/site/petalbot)" "muscatlawfirm.com"
5.227.29.27 - - [04/Nov/2022:03:18:49 -0700] "GET / HTTP/1.1" 200 1163 "http://muscatlawfirm.com/" "Mozilla/5.0 (Windows NT 10.0; WOW64) AppleWebKit/537.36 (KHTML, like Gecko) Chrome/90.0.4430.93 Safari/537.36" "muscatlawfirm.com"
5.45.207.112 - - [04/Nov/2022:03:27:14 -0700] "GET /robots.txt HTTP/1.1" 404 73 "-" "Mozilla/5.0 (compatible; YandexBot/3.0; +http://yandex.com/bots)" "muscatlawfirm.com"
87.250.224.88 - - [04/Nov/2022:03:27:18 -0700] "GET /clipart/lines/horizontal/?C=S;O=D HTTP/1.1" 200 402 "-" "Mozilla/5.0 (compatible; YandexBot/3.0; +http://yandex.com/bots)" "muscatlawfirm.com"
66.249.77.84 - - [04/Nov/2022:05:29:21 -0700] "GET /robots.txt HTTP/1.1" 404 88 "-" "Mozilla/5.0 (compatible; Googlebot/2.1; +http://www.google.com/bot.html)" "muscatlawfirm.com"
87.250.224.9 - - [04/Nov/2022:06:58:03 -0700] "GET /robots.txt HTTP/1.1" 404 73 "-" "Mozilla/5.0 (compatible; YandexBot/3.0; +http://yandex.com/bots)" "muscatlawfirm.com"
5.255.231.107 - - [04/Nov/2022:06:58:07 -0700] "GET /clipart/backgrounds/?C=M;O=A HTTP/1.1" 200 362 "-" "Mozilla/5.0 (compatible; YandexBot/3.0; +http://yandex.com/bots)" "muscatlawfirm.com"
34.217.136.19 - - [04/Nov/2022:07:41:14 -0700] "GET / HTTP/1.1" 200 409 "-" "Mozilla/5.0 (X11; Linux x86_64) AppleWebKit/537.36 (KHTML, like Gecko) Chrome/83.0.4103.97 Safari/537.36" "muscatlawfirm.com"
35.92.130.150 - - [04/Nov/2022:07:41:27 -0700] "GET / HTTP/1.1" 200 409 "-" "Mozilla/5.0 (X11; Linux x86_64) AppleWebKit/537.36 (KHTML, like Gecko) Chrome/83.0.4103.97 Safari/537.36" "muscatlawfirm.com"
34.213.139.77 - - [04/Nov/2022:07:41:51 -0700] "GET / HTTP/1.1" 200 409 "-" "Mozilla/5.0 (X11; Linux x86_64) AppleWebKit/537.36 (KHTML, like Gecko) Chrome/83.0.4103.97 Safari/537.36" "muscatlawfirm.com"
54.188.125.253 - - [04/Nov/2022:07:41:56 -0700] "GET /favicon.ico HTTP/1.1" 404 88 "-" "Mozilla/5.0 (X11; Linux x86_64) AppleWebKit/537.36 (KHTML, like Gecko) Chrome/83.0.4103.97 Safari/537.36" "muscatlawfirm.com"
54.188.125.253 - - [04/Nov/2022:07:41:58 -0700] "GET / HTTP/1.1" 200 409 "-" "Mozilla/5.0 (X11; Linux x86_64) AppleWebKit/537.36 (KHTML, like Gecko) Chrome/83.0.4103.97 Safari/537.36" "muscatlawfirm.com"
34.213.157.75 - - [04/Nov/2022:07:41:59 -0700] "GET / HTTP/1.1" 200 409 "-" "Mozilla/5.0 (X11; Linux x86_64) AppleWebKit/537.36 (KHTML, like Gecko) Chrome/83.0.4103.97 Safari/537.36" "muscatlawfirm.com"
35.92.104.172 - - [04/Nov/2022:07:42:01 -0700] "GET /favicon.ico HTTP/1.1" 404 88 "-" "Mozilla/5.0 (X11; Linux x86_64) AppleWebKit/537.36 (KHTML, like Gecko) Chrome/83.0.4103.97 Safari/537.36" "muscatlawfirm.com"
35.92.104.172 - - [04/Nov/2022:07:42:01 -0700] "GET / HTTP/1.1" 200 409 "-" "Mozilla/5.0 (X11; Linux x86_64) AppleWebKit/537.36 (KHTML, like Gecko) Chrome/83.0.4103.97 Safari/537.36" "muscatlawfirm.com"
18.236.163.178 - - [04/Nov/2022:07:42:22 -0700] "GET /favicon.ico HTTP/1.1" 404 88 "-" "Mozilla/5.0 (X11; Linux x86_64) AppleWebKit/537.36 (KHTML, like Gecko) Chrome/83.0.4103.97 Safari/537.36" "muscatlawfirm.com"
18.236.163.178 - - [04/Nov/2022:07:42:24 -0700] "GET / HTTP/1.1" 200 409 "-" "Mozilla/5.0 (X11; Linux x86_64) AppleWebKit/537.36 (KHTML, like Gecko) Chrome/83.0.4103.97 Safari/537.36" "muscatlawfirm.com"
138.246.253.24 - - [04/Nov/2022:08:26:22 -0700] "GET /robots.txt HTTP/1.1" 404 73 "-" "Mozilla/5.0 (Windows NT 10.0; Win64; x64) AppleWebKit/537.36 (KHTML, like Gecko) Chrome/103.0.5060.134 Safari/537.36" "muscatlawfirm.com"
104.196.99.0 - - [04/Nov/2022:08:29:04 -0700] "GET /robots.txt HTTP/1.1" 404 88 "-" "ZoominfoBot (zoominfobot at zoominfo dot com)" "muscatlawfirm.com"
104.196.99.0 - - [04/Nov/2022:08:29:04 -0700] "GET /clipart/ HTTP/1.1" 200 417 "-" "ZoominfoBot (zoominfobot at zoominfo dot com)" "muscatlawfirm.com"
54.36.148.161 - - [04/Nov/2022:08:30:08 -0700] "GET /robots.txt HTTP/1.1" 404 88 "-" "Mozilla/5.0 (compatible; AhrefsBot/7.0; +http://ahrefs.com/robot/)" "www.muscatlawfirm.com"
51.222.253.13 - - [04/Nov/2022:08:30:12 -0700] "GET / HTTP/1.1" 200 409 "-" "Mozilla/5.0 (compatible; AhrefsBot/7.0; +http://ahrefs.com/robot/)" "www.muscatlawfirm.com"
114.119.153.156 - - [04/Nov/2022:08:45:21 -0700] "GET /clipart/photos/thumbnails?C=M%3BO%3DA HTTP/1.1" 301 1436 "http://www.muscatlawfirm.com/clipart/photos/thumbnails?C=D%3BO%3DA" "Mozilla/5.0 (Linux; Android 7.0;) AppleWebKit/537.36 (KHTML, like Gecko) Mobile Safari/537.36 (compatible; PetalBot;+https://webmaster.petalsearch.com/site/petalbot)" "www.muscatlawfirm.com"
114.119.153.156 - - [04/Nov/2022:08:45:23 -0700] "GET /clipart/photos/thumbnails/?C=M%3BO%3DA HTTP/1.1" 200 328 "http://www.muscatlawfirm.com/clipart/photos/thumbnails?C=D%3BO%3DA" "Mozilla/5.0 (Linux; Android 7.0;) AppleWebKit/537.36 (KHTML, like Gecko) Mobile Safari/537.36 (compatible; PetalBot;+https://webmaster.petalsearch.com/site/petalbot)" "www.muscatlawfirm.com"
114.119.148.161 - - [04/Nov/2022:08:59:26 -0700] "GET /logs/ HTTP/1.1" 403 170 "http://muscatlawfirm.com/yahoo_site_admin" "Mozilla/5.0 (Linux; Android 7.0;) AppleWebKit/537.36 (KHTML, like Gecko) Mobile Safari/537.36 (compatible; PetalBot;+https://webmaster.petalsearch.com/site/petalbot)" "muscatlawfirm.com"
114.119.153.16 - - [04/Nov/2022:09:09:39 -0700] "GET /clipart/pageHeaders?C=D%3BO%3DA HTTP/1.1" 301 1429 "http://muscatlawfirm.com/clipart/pageHeaders?C=N%3BO%3DD" "Mozilla/5.0 (Linux; Android 7.0;) AppleWebKit/537.36 (KHTML, like Gecko) Mobile Safari/537.36 (compatible; PetalBot;+https://webmaster.petalsearch.com/site/petalbot)" "muscatlawfirm.com"
114.119.153.16 - - [04/Nov/2022:09:09:40 -0700] "GET /clipart/pageHeaders/?C=D%3BO%3DA HTTP/1.1" 200 422 "http://muscatlawfirm.com/clipart/pageHeaders?C=N%3BO%3DD" "Mozilla/5.0 (Linux; Android 7.0;) AppleWebKit/537.36 (KHTML, like Gecko) Mobile Safari/537.36 (compatible; PetalBot;+https://webmaster.petalsearch.com/site/petalbot)" "muscatlawfirm.com"
35.196.190.65 - - [04/Nov/2022:09:22:51 -0700] "GET /robots.txt HTTP/1.1" 404 88 "-" "ZoominfoBot (zoominfobot at zoominfo dot com)" "muscatlawfirm.com"
35.196.190.65 - - [04/Nov/2022:09:22:52 -0700] "GET / HTTP/1.1" 200 409 "-" "ZoominfoBot (zoominfobot at zoominfo dot com)" "muscatlawfirm.com"
194.38.20.161 - - [04/Nov/2022:09:23:38 -0700] "GET /sites/all/libraries/elfinder/src/connectors/php/connector.php HTTP/1.1" 404 73 "-" "ALittle Client" "muscatlawfirm.com"
114.119.153.16 - - [04/Nov/2022:09:30:58 -0700] "GET /clipart/lines/?C=S%3BO%3DA HTTP/1.1" 200 360 "http://muscatlawfirm.com/clipart/lines?C=D%3BO%3DA" "Mozilla/5.0 (Linux; Android 7.0;) AppleWebKit/537.36 (KHTML, like Gecko) Mobile Safari/537.36 (compatible; PetalBot;+https://webmaster.petalsearch.com/site/petalbot)" "muscatlawfirm.com"
114.119.153.137 - - [04/Nov/2022:09:52:52 -0700] "GET /clipart/backgrounds?C=S%3BO%3DA HTTP/1.1" 301 1427 "http://www.muscatlawfirm.com/clipart/backgrounds?C=N%3BO%3DD" "Mozilla/5.0 (Linux; Android 7.0;) AppleWebKit/537.36 (KHTML, like Gecko) Mobile Safari/537.36 (compatible; PetalBot;+https://webmaster.petalsearch.com/site/petalbot)" "www.muscatlawfirm.com"
114.119.153.137 - - [04/Nov/2022:09:52:52 -0700] "GET /clipart/backgrounds/?C=S%3BO%3DA HTTP/1.1" 200 361 "http://www.muscatlawfirm.com/clipart/backgrounds?C=N%3BO%3DD" "Mozilla/5.0 (Linux; Android 7.0;) AppleWebKit/537.36 (KHTML, like Gecko) Mobile Safari/537.36 (compatible; PetalBot;+https://webmaster.petalsearch.com/site/petalbot)" "www.muscatlawfirm.com"
93.159.230.83 - - [04/Nov/2022:09:55:20 -0700] "GET / HTTP/1.1" 200 409 "-" "Mozilla/5.0 (Windows NT 10.0; Win64; x64) AppleWebKit/537.36 (KHTML, like Gecko) Chrome/71.0.3578.98 Safari/537.36" "muscatlawfirm.com"
114.119.153.16 - - [04/Nov/2022:09:57:51 -0700] "GET /clipart/?C=M%3BO%3DA HTTP/1.1" 200 417 "http://muscatlawfirm.com/clipart" "Mozilla/5.0 (Linux; Android 7.0;) AppleWebKit/537.36 (KHTML, like Gecko) Mobile Safari/537.36 (compatible; PetalBot;+https://webmaster.petalsearch.com/site/petalbot)" "muscatlawfirm.com"
114.119.153.16 - - [04/Nov/2022:10:07:52 -0700] "GET /clipart/buttons/blank/ HTTP/1.1" 200 395 "http://www.muscatlawfirm.com/clipart/buttons?C=M%3BO%3DA" "Mozilla/5.0 (Linux; Android 7.0;) AppleWebKit/537.36 (KHTML, like Gecko) Mobile Safari/537.36 (compatible; PetalBot;+https://webmaster.petalsearch.com/site/petalbot)" "www.muscatlawfirm.com"
213.180.203.65 - - [04/Nov/2022:10:10:01 -0700] "GET /robots.txt HTTP/1.1" 404 73 "-" "Mozilla/5.0 (compatible; YandexBot/3.0; +http://yandex.com/bots)" "muscatlawfirm.com"
87.250.224.128 - - [04/Nov/2022:10:10:05 -0700] "GET /images/?C=D;O=A HTTP/1.1" 200 561 "-" "Mozilla/5.0 (compatible; YandexBot/3.0; +http://yandex.com/bots)" "muscatlawfirm.com"
114.119.153.137 - - [04/Nov/2022:10:13:13 -0700] "GET /clipart/buttons/?C=D%3BO%3DA HTTP/1.1" 200 371 "http://muscatlawfirm.com/clipart/buttons/" "Mozilla/5.0 (Linux; Android 7.0;) AppleWebKit/537.36 (KHTML, like Gecko) Mobile Safari/537.36 (compatible; PetalBot;+https://webmaster.petalsearch.com/site/petalbot)" "muscatlawfirm.com"
114.119.153.16 - - [04/Nov/2022:10:17:53 -0700] "GET /clipart/buttons/themes/outlined_gray_white/?C=M%3BO%3DA HTTP/1.1" 200 430 "http://muscatlawfirm.com/clipart/buttons/themes/outlined_gray_white/?C=N%3BO%3DD" "Mozilla/5.0 (Linux; Android 7.0;) AppleWebKit/537.36 (KHTML, like Gecko) Mobile Safari/537.36 (compatible; PetalBot;+https://webmaster.petalsearch.com/site/petalbot)" "muscatlawfirm.com"
114.119.153.16 - - [04/Nov/2022:10:22:54 -0700] "GET /clipart/lines/?C=M%3BO%3DA HTTP/1.1" 200 360 "http://www.muscatlawfirm.com/clipart/lines" "Mozilla/5.0 (Linux; Android 7.0;) AppleWebKit/537.36 (KHTML, like Gecko) Mobile Safari/537.36 (compatible; PetalBot;+https://webmaster.petalsearch.com/site/petalbot)" "www.muscatlawfirm.com"
114.119.153.137 - - [04/Nov/2022:10:27:52 -0700] "GET /clipart/?C=N%3BO%3DD HTTP/1.1" 200 417 "http://www.muscatlawfirm.com/clipart?C=S%3BO%3DA" "Mozilla/5.0 (Linux; Android 7.0;) AppleWebKit/537.36 (KHTML, like Gecko) Mobile Safari/537.36 (compatible; PetalBot;+https://webmaster.petalsearch.com/site/petalbot)" "www.muscatlawfirm.com"
114.119.153.137 - - [04/Nov/2022:10:32:53 -0700] "GET /clipart/images/?C=S%3BO%3DA HTTP/1.1" 200 414 "http://www.muscatlawfirm.com/clipart/images/?C=D%3BO%3DA" "Mozilla/5.0 (Linux; Android 7.0;) AppleWebKit/537.36 (KHTML, like Gecko) Mobile Safari/537.36 (compatible; PetalBot;+https://webmaster.petalsearch.com/site/petalbot)" "www.muscatlawfirm.com"
54.226.156.93 - - [04/Nov/2022:10:32:54 -0700] "GET / HTTP/1.1" 200 409 "-" "Mozilla/5.0 (Linux; Android 7.0; LGL84VL Build/NRD90U) AppleWebKit/537.36 (KHTML, like Gecko) Chrome/59.0.3071.125 Mobile Safari/537.36" "muscatlawfirm.com"
114.119.153.137 - - [04/Nov/2022:10:37:52 -0700] "GET /clipart/images/sidebars/?C=S%3BO%3DA HTTP/1.1" 200 386 "http://www.muscatlawfirm.com/clipart/images/sidebars" "Mozilla/5.0 (Linux; Android 7.0;) AppleWebKit/537.36 (KHTML, like Gecko) Mobile Safari/537.36 (compatible; PetalBot;+https://webmaster.petalsearch.com/site/petalbot)" "www.muscatlawfirm.com"
114.119.148.161 - - [04/Nov/2022:10:42:52 -0700] "GET /yahoo_site_admin/logs?C=S%3BO%3DA HTTP/1.1" 301 1434 "http://www.muscatlawfirm.com/yahoo_site_admin/logs" "Mozilla/5.0 (Linux; Android 7.0;) AppleWebKit/537.36 (KHTML, like Gecko) Mobile Safari/537.36 (compatible; PetalBot;+https://webmaster.petalsearch.com/site/petalbot)" "www.muscatlawfirm.com"
114.119.148.161 - - [04/Nov/2022:10:42:52 -0700] "GET /yahoo_site_admin/logs/?C=S%3BO%3DA HTTP/1.1" 200 372 "http://www.muscatlawfirm.com/yahoo_site_admin/logs" "Mozilla/5.0 (Linux; Android 7.0;) AppleWebKit/537.36 (KHTML, like Gecko) Mobile Safari/537.36 (compatible; PetalBot;+https://webmaster.petalsearch.com/site/petalbot)" "www.muscatlawfirm.com"
114.119.153.137 - - [04/Nov/2022:10:47:52 -0700] "GET /clipart/lines/horizontal?C=D%3BO%3DA HTTP/1.1" 301 1436 "http://www.muscatlawfirm.com/clipart/lines/horizontal?C=S%3BO%3DA" "Mozilla/5.0 (Linux; Android 7.0;) AppleWebKit/537.36 (KHTML, like Gecko) Mobile Safari/537.36 (compatible; PetalBot;+https://webmaster.petalsearch.com/site/petalbot)" "www.muscatlawfirm.com"
114.119.153.137 - - [04/Nov/2022:10:47:52 -0700] "GET /clipart/lines/horizontal/?C=D%3BO%3DA HTTP/1.1" 200 403 "http://www.muscatlawfirm.com/clipart/lines/horizontal?C=S%3BO%3DA" "Mozilla/5.0 (Linux; Android 7.0;) AppleWebKit/537.36 (KHTML, like Gecko) Mobile Safari/537.36 (compatible; PetalBot;+https://webmaster.petalsearch.com/site/petalbot)" "www.muscatlawfirm.com"
114.119.129.167 - - [04/Nov/2022:10:52:18 -0700] "GET /robots.txt HTTP/1.1" 404 88 "-" "Mozilla/5.0 (compatible;PetalBot;+https://webmaster.petalsearch.com/site/petalbot)" "www.muscatlawfirm.com"
114.119.153.16 - - [04/Nov/2022:10:52:58 -0700] "GET /images/ HTTP/1.1" 200 561 "http://muscatlawfirm.com?C=M%3BO%3DA" "Mozilla/5.0 (Linux; Android 7.0;) AppleWebKit/537.36 (KHTML, like Gecko) Mobile Safari/537.36 (compatible; PetalBot;+https://webmaster.petalsearch.com/site/petalbot)" "muscatlawfirm.com"
93.159.230.83 - - [04/Nov/2022:10:55:45 -0700] "GET / HTTP/1.1" 200 409 "-" "Mozilla/5.0 (Windows NT 10.0; Win64; x64) AppleWebKit/537.36 (KHTML, like Gecko) Chrome/71.0.3578.98 Safari/537.36" "muscatlawfirm.com"
114.119.153.137 - - [04/Nov/2022:10:57:55 -0700] "GET /clipart/buttons/themes/ HTTP/1.1" 200 373 "http://www.muscatlawfirm.com/clipart/buttons?C=M%3BO%3DA" "Mozilla/5.0 (Linux; Android 7.0;) AppleWebKit/537.36 (KHTML, like Gecko) Mobile Safari/537.36 (compatible; PetalBot;+https://webmaster.petalsearch.com/site/petalbot)" "www.muscatlawfirm.com"
114.119.153.137 - - [04/Nov/2022:11:03:06 -0700] "GET /navigation_bars/?C=D%3BO%3DA HTTP/1.1" 200 368 "https://muscatlawfirm.com/navigation_bars/" "Mozilla/5.0 (Linux; Android 7.0;) AppleWebKit/537.36 (KHTML, like Gecko) Mobile Safari/537.36 (compatible; PetalBot;+https://webmaster.petalsearch.com/site/petalbot)" "muscatlawfirm.com"
114.119.153.137 - - [04/Nov/2022:11:07:54 -0700] "GET /clipart/?C=S%3BO%3DA HTTP/1.1" 200 417 "http://www.muscatlawfirm.com/clipart?C=S%3BO%3DA" "Mozilla/5.0 (Linux; Android 7.0;) AppleWebKit/537.36 (KHTML, like Gecko) Mobile Safari/537.36 (compatible; PetalBot;+https://webmaster.petalsearch.com/site/petalbot)" "www.muscatlawfirm.com"
114.119.153.137 - - [04/Nov/2022:11:12:53 -0700] "GET /sitebuilder/images/?C=N%3BO%3DD HTTP/1.1" 200 788 "http://www.muscatlawfirm.com/sitebuilder/images?C=D%3BO%3DA" "Mozilla/5.0 (Linux; Android 7.0;) AppleWebKit/537.36 (KHTML, like Gecko) Mobile Safari/537.36 (compatible; PetalBot;+https://webmaster.petalsearch.com/site/petalbot)" "www.muscatlawfirm.com"
114.119.148.161 - - [04/Nov/2022:11:17:53 -0700] "GET /clipart/photos/?C=S%3BO%3DA HTTP/1.1" 200 362 "http://muscatlawfirm.com/clipart/photos/?C=M%3BO%3DA" "Mozilla/5.0 (Linux; Android 7.0;) AppleWebKit/537.36 (KHTML, like Gecko) Mobile Safari/537.36 (compatible; PetalBot;+https://webmaster.petalsearch.com/site/petalbot)" "muscatlawfirm.com"
114.119.153.16 - - [04/Nov/2022:11:22:54 -0700] "GET /clipart/backgrounds/tile HTTP/1.1" 301 1418 "http://www.muscatlawfirm.com/clipart/backgrounds?C=M%3BO%3DA" "Mozilla/5.0 (Linux; Android 7.0;) AppleWebKit/537.36 (KHTML, like Gecko) Mobile Safari/537.36 (compatible; PetalBot;+https://webmaster.petalsearch.com/site/petalbot)" "www.muscatlawfirm.com"
114.119.153.16 - - [04/Nov/2022:11:22:54 -0700] "GET /clipart/backgrounds/tile/ HTTP/1.1" 200 392 "http://www.muscatlawfirm.com/clipart/backgrounds?C=M%3BO%3DA" "Mozilla/5.0 (Linux; Android 7.0;) AppleWebKit/537.36 (KHTML, like Gecko) Mobile Safari/537.36 (compatible; PetalBot;+https://webmaster.petalsearch.com/site/petalbot)" "www.muscatlawfirm.com"
114.119.153.16 - - [04/Nov/2022:11:27:59 -0700] "GET /yahoo_site_admin?C=M%3BO%3DA HTTP/1.1" 301 1431 "http://www.muscatlawfirm.com/yahoo_site_admin?C=S%3BO%3DA" "Mozilla/5.0 (Linux; Android 7.0;) AppleWebKit/537.36 (KHTML, like Gecko) Mobile Safari/537.36 (compatible; PetalBot;+https://webmaster.petalsearch.com/site/petalbot)" "www.muscatlawfirm.com"
114.119.153.16 - - [04/Nov/2022:11:28:12 -0700] "GET /yahoo_site_admin/?C=M%3BO%3DA HTTP/1.1" 200 377 "http://www.muscatlawfirm.com/yahoo_site_admin?C=S%3BO%3DA" "Mozilla/5.0 (Linux; Android 7.0;) AppleWebKit/537.36 (KHTML, like Gecko) Mobile Safari/537.36 (compatible; PetalBot;+https://webmaster.petalsearch.com/site/petalbot)" "www.muscatlawfirm.com"
114.119.148.161 - - [04/Nov/2022:11:32:57 -0700] "GET /clipart/photos/thumbnails/?C=M%3BO%3DA HTTP/1.1" 200 328 "http://muscatlawfirm.com/clipart/photos/thumbnails/?C=N%3BO%3DD" "Mozilla/5.0 (Linux; Android 7.0;) AppleWebKit/537.36 (KHTML, like Gecko) Mobile Safari/537.36 (compatible; PetalBot;+https://webmaster.petalsearch.com/site/petalbot)" "muscatlawfirm.com"
114.119.153.137 - - [04/Nov/2022:11:37:55 -0700] "GET /clipart/lines?C=D%3BO%3DA HTTP/1.1" 301 1427 "http://www.muscatlawfirm.com/clipart/lines?C=S%3BO%3DA" "Mozilla/5.0 (Linux; Android 7.0;) AppleWebKit/537.36 (KHTML, like Gecko) Mobile Safari/537.36 (compatible; PetalBot;+https://webmaster.petalsearch.com/site/petalbot)" "www.muscatlawfirm.com"
114.119.153.137 - - [04/Nov/2022:11:37:56 -0700] "GET /clipart/lines/?C=D%3BO%3DA HTTP/1.1" 200 360 "http://www.muscatlawfirm.com/clipart/lines?C=S%3BO%3DA" "Mozilla/5.0 (Linux; Android 7.0;) AppleWebKit/537.36 (KHTML, like Gecko) Mobile Safari/537.36 (compatible; PetalBot;+https://webmaster.petalsearch.com/site/petalbot)" "www.muscatlawfirm.com"
114.119.148.161 - - [04/Nov/2022:11:42:54 -0700] "GET /yahoo_site_admin/logs/ HTTP/1.1" 200 372 "https://muscatlawfirm.com/yahoo_site_admin/?C=S%3BO%3DA" "Mozilla/5.0 (Linux; Android 7.0;) AppleWebKit/537.36 (KHTML, like Gecko) Mobile Safari/537.36 (compatible; PetalBot;+https://webmaster.petalsearch.com/site/petalbot)" "muscatlawfirm.com"
114.119.153.137 - - [04/Nov/2022:11:47:54 -0700] "GET /clipart/photos/thumbnails?C=S%3BO%3DA HTTP/1.1" 301 1436 "http://www.muscatlawfirm.com/clipart/photos/thumbnails?C=D%3BO%3DA" "Mozilla/5.0 (Linux; Android 7.0;) AppleWebKit/537.36 (KHTML, like Gecko) Mobile Safari/537.36 (compatible; PetalBot;+https://webmaster.petalsearch.com/site/petalbot)" "www.muscatlawfirm.com"
114.119.153.137 - - [04/Nov/2022:11:47:54 -0700] "GET /clipart/photos/thumbnails/?C=S%3BO%3DA HTTP/1.1" 200 328 "http://www.muscatlawfirm.com/clipart/photos/thumbnails?C=D%3BO%3DA" "Mozilla/5.0 (Linux; Android 7.0;) AppleWebKit/537.36 (KHTML, like Gecko) Mobile Safari/537.36 (compatible; PetalBot;+https://webmaster.petalsearch.com/site/petalbot)" "www.muscatlawfirm.com"
114.119.153.137 - - [04/Nov/2022:11:52:56 -0700] "GET /clipart/images?C=D%3BO%3DA HTTP/1.1" 301 1426 "http://muscatlawfirm.com/clipart/images?C=N%3BO%3DD" "Mozilla/5.0 (Linux; Android 7.0;) AppleWebKit/537.36 (KHTML, like Gecko) Mobile Safari/537.36 (compatible; PetalBot;+https://webmaster.petalsearch.com/site/petalbot)" "muscatlawfirm.com"
114.119.153.137 - - [04/Nov/2022:11:53:05 -0700] "GET /clipart/images/?C=D%3BO%3DA HTTP/1.1" 200 414 "http://muscatlawfirm.com/clipart/images?C=N%3BO%3DD" "Mozilla/5.0 (Linux; Android 7.0;) AppleWebKit/537.36 (KHTML, like Gecko) Mobile Safari/537.36 (compatible; PetalBot;+https://webmaster.petalsearch.com/site/petalbot)" "muscatlawfirm.com"
93.159.230.88 - - [04/Nov/2022:11:55:52 -0700] "GET / HTTP/1.1" 200 409 "-" "Mozilla/5.0 (Windows NT 10.0; Win64; x64) AppleWebKit/537.36 (KHTML, like Gecko) Chrome/71.0.3578.98 Safari/537.36" "muscatlawfirm.com"
114.119.153.137 - - [04/Nov/2022:11:57:57 -0700] "GET /clipart/buttons/themes/outlined_gray_white?C=S%3BO%3DA HTTP/1.1" 301 1449 "http://www.muscatlawfirm.com/clipart/buttons/themes/outlined_gray_white?C=N%3BO%3DD" "Mozilla/5.0 (Linux; Android 7.0;) AppleWebKit/537.36 (KHTML, like Gecko) Mobile Safari/537.36 (compatible; PetalBot;+https://webmaster.petalsearch.com/site/petalbot)" "www.muscatlawfirm.com"
114.119.153.137 - - [04/Nov/2022:11:58:00 -0700] "GET /clipart/buttons/themes/outlined_gray_white/?C=S%3BO%3DA HTTP/1.1" 200 430 "http://www.muscatlawfirm.com/clipart/buttons/themes/outlined_gray_white?C=N%3BO%3DD" "Mozilla/5.0 (Linux; Android 7.0;) AppleWebKit/537.36 (KHTML, like Gecko) Mobile Safari/537.36 (compatible; PetalBot;+https://webmaster.petalsearch.com/site/petalbot)" "www.muscatlawfirm.com"
114.119.148.161 - - [04/Nov/2022:12:02:56 -0700] "GET /clipart/photos?C=S%3BO%3DA HTTP/1.1" 301 1426 "http://muscatlawfirm.com/clipart/photos" "Mozilla/5.0 (Linux; Android 7.0;) AppleWebKit/537.36 (KHTML, like Gecko) Mobile Safari/537.36 (compatible; PetalBot;+https://webmaster.petalsearch.com/site/petalbot)" "muscatlawfirm.com"
114.119.148.161 - - [04/Nov/2022:12:02:57 -0700] "GET /clipart/photos/?C=S%3BO%3DA HTTP/1.1" 200 362 "http://muscatlawfirm.com/clipart/photos" "Mozilla/5.0 (Linux; Android 7.0;) AppleWebKit/537.36 (KHTML, like Gecko) Mobile Safari/537.36 (compatible; PetalBot;+https://webmaster.petalsearch.com/site/petalbot)" "muscatlawfirm.com"
5.45.207.149 - - [04/Nov/2022:12:07:50 -0700] "GET /robots.txt HTTP/1.1" 404 73 "-" "Mozilla/5.0 (compatible; YandexBot/3.0; +http://yandex.com/bots)" "muscatlawfirm.com"
213.180.203.82 - - [04/Nov/2022:12:07:54 -0700] "GET / HTTP/1.1" 200 409 "-" "Mozilla/5.0 (compatible; YandexBot/3.0; +http://yandex.com/bots)" "muscatlawfirm.com"
114.119.153.16 - - [04/Nov/2022:12:07:57 -0700] "GET /yahoo_site_admin/logs?C=S%3BO%3DA HTTP/1.1" 301 1432 "http://muscatlawfirm.com/yahoo_site_admin/logs?C=N%3BO%3DD" "Mozilla/5.0 (Linux; Android 7.0;) AppleWebKit/537.36 (KHTML, like Gecko) Mobile Safari/537.36 (compatible; PetalBot;+https://webmaster.petalsearch.com/site/petalbot)" "muscatlawfirm.com"
114.119.153.16 - - [04/Nov/2022:12:07:57 -0700] "GET /yahoo_site_admin/logs/?C=S%3BO%3DA HTTP/1.1" 200 372 "http://muscatlawfirm.com/yahoo_site_admin/logs?C=N%3BO%3DD" "Mozilla/5.0 (Linux; Android 7.0;) AppleWebKit/537.36 (KHTML, like Gecko) Mobile Safari/537.36 (compatible; PetalBot;+https://webmaster.petalsearch.com/site/petalbot)" "muscatlawfirm.com"
5.45.207.92 - - [04/Nov/2022:12:08:04 -0700] "GET /robots.txt HTTP/1.1" 404 73 "-" "Mozilla/5.0 (compatible; YandexBot/3.0; +http://yandex.com/bots)" "muscatlawfirm.com"
5.255.253.172 - - [04/Nov/2022:12:08:06 -0700] "GET /robots.txt HTTP/1.1" 404 73 "-" "Mozilla/5.0 (compatible; YandexBot/3.0; +http://yandex.com/bots)" "www.muscatlawfirm.com"
5.45.207.149 - - [04/Nov/2022:12:08:09 -0700] "GET / HTTP/1.1" 200 409 "-" "Mozilla/5.0 (compatible; YandexBot/3.0; +http://yandex.com/bots)" "muscatlawfirm.com"
5.255.253.105 - - [04/Nov/2022:12:08:10 -0700] "GET / HTTP/1.1" 200 409 "-" "Mozilla/5.0 (compatible; YandexBot/3.0; +http://yandex.com/bots)" "www.muscatlawfirm.com"
114.119.148.161 - - [04/Nov/2022:12:12:55 -0700] "GET /sitebuilder/?C=N%3BO%3DD HTTP/1.1" 200 405 "https://muscatlawfirm.com/sitebuilder/" "Mozilla/5.0 (Linux; Android 7.0;) AppleWebKit/537.36 (KHTML, like Gecko) Mobile Safari/537.36 (compatible; PetalBot;+https://webmaster.petalsearch.com/site/petalbot)" "muscatlawfirm.com"
114.119.153.16 - - [04/Nov/2022:12:26:06 -0700] "GET /yahoo_site_admin/logs/log.txt HTTP/1.1" 200 278 "http://www.muscatlawfirm.com/yahoo_site_admin/logs?C=S%3BO%3DA" "Mozilla/5.0 (Linux; Android 7.0;) AppleWebKit/537.36 (KHTML, like Gecko) Mobile Safari/537.36 (compatible; PetalBot;+https://webmaster.petalsearch.com/site/petalbot)" "www.muscatlawfirm.com"
114.119.148.161 - - [04/Nov/2022:12:42:07 -0700] "GET /clipart/buttons/ HTTP/1.1" 200 371 "http://muscatlawfirm.com/clipart/buttons/blank" "Mozilla/5.0 (Linux; Android 7.0;) AppleWebKit/537.36 (KHTML, like Gecko) Mobile Safari/537.36 (compatible; PetalBot;+https://webmaster.petalsearch.com/site/petalbot)" "muscatlawfirm.com"
72.13.62.27 - - [04/Nov/2022:12:46:07 -0700] "GET /robots.txt HTTP/1.1" 404 88 "-" "Mozilla/5.0 (compatible; ips-agent)" "www.muscatlawfirm.com"
72.13.62.27 - - [04/Nov/2022:12:46:08 -0700] "GET / HTTP/1.1" 200 409 "-" "Mozilla/5.0 (compatible; ips-agent)" "www.muscatlawfirm.com"
72.13.62.27 - - [04/Nov/2022:12:46:09 -0700] "GET /?C=N;O=D HTTP/1.1" 200 409 "-" "Mozilla/5.0 (compatible; ips-agent)" "www.muscatlawfirm.com"
72.13.62.27 - - [04/Nov/2022:12:46:10 -0700] "GET /?C=M;O=A HTTP/1.1" 200 408 "-" "Mozilla/5.0 (compatible; ips-agent)" "www.muscatlawfirm.com"
114.119.141.42 - - [04/Nov/2022:14:10:05 -0700] "GET /robots.txt HTTP/1.1" 404 88 "-" "Mozilla/5.0 (compatible;PetalBot;+https://webmaster.petalsearch.com/site/petalbot)" "muscatlawfirm.com"
81.214.131.2 - - [04/Nov/2022:14:57:27 -0700] "GET / HTTP/1.1" 200 409 "-" "Screaming Frog SEO Spider/16.7" "muscatlawfirm.com"
193.235.141.178 - - [04/Nov/2022:15:06:05 -0700] "GET / HTTP/1.1" 200 409 "-" "Mozilla/5.0 (Windows NT 10.0; Win64; x64) AppleWebKit/537.36 (KHTML, like Gecko) Chrome/105.0.0.0 Safari/537.36" "muscatlawfirm.com"
193.235.141.178 - - [04/Nov/2022:15:06:06 -0700] "GET /favicon.ico HTTP/1.1" 404 88 "-" "Mozilla/5.0 (Windows NT 10.0; Win64; x64) AppleWebKit/537.36 (KHTML, like Gecko) Chrome/105.0.0.0 Safari/537.36" "muscatlawfirm.com"
66.249.77.95 - - [04/Nov/2022:15:08:23 -0700] "GET /robots.txt HTTP/1.1" 404 88 "-" "Mozilla/5.0 (compatible; Googlebot/2.1; +http://www.google.com/bot.html)" "muscatlawfirm.com"
66.249.77.91 - - [04/Nov/2022:15:11:42 -0700] "GET /ads.txt HTTP/1.1" 404 88 "-" "Mozilla/5.0 (compatible; Googlebot/2.1; +http://www.google.com/bot.html)" "muscatlawfirm.com"
66.249.77.86 - - [04/Nov/2022:15:33:58 -0700] "GET /ads.txt HTTP/1.1" 404 88 "-" "Mozilla/5.0 (compatible; Googlebot/2.1; +http://www.google.com/bot.html)" "muscatlawfirm.com"
54.226.156.93 - - [04/Nov/2022:16:34:29 -0700] "GET / HTTP/1.1" 200 409 "-" "Mozilla/5.0 (Windows NT 6.2; WOW64) AppleWebKit/537.36 (KHTML, like Gecko) Chrome/59.0.3068.0 Safari/537.36" "muscatlawfirm.com"
114.119.153.137 - - [04/Nov/2022:16:53:57 -0700] "GET /?C=M%3BO%3DA HTTP/1.1" 200 409 "https://muscatlawfirm.com/" "Mozilla/5.0 (Linux; Android 7.0;) AppleWebKit/537.36 (KHTML, like Gecko) Mobile Safari/537.36 (compatible; PetalBot;+https://webmaster.petalsearch.com/site/petalbot)" "muscatlawfirm.com"
